hest common divisor of 20957 and 4313.
19
What is the highest common factor of 3075 and 1667880?
615
What is the greatest common factor of 3906441 and 243?
27
What is the highest common factor of 34 and 124505569?
17
Calculate the greatest common factor of 341703 and 4197.
3
What is the greatest common factor of 142253 and 4427?
19
What is the greatest common factor of 189 and 220805649?
27
Calculate the highest common divisor of 1714320 and 640.
80
What is the highest common factor of 14116314 and 12?
6
Calculate the greatest common factor of 11474663 and 8.
1
What is the highest common divisor of 7024 and 139024?
16
What is the highest common divisor of 247 and 289427?
19
What is the highest common divisor of 67318218 and 396?
198
Calculate the greatest common factor of 27741 and 1013943.
21
Calculate the highest common factor of 133 and 3530660.
7
What is the greatest common divisor of 187694 and 10608?
26
What is the highest common divisor of 67 and 1090490660?
67
Calculate the highest common factor of 3764 and 101671286.
1882
Calculate the highest common factor of 99315 and 146295.
45
What is the greatest common factor of 1774738 and 104531?
763
Calculate the highest common factor of 405 and 10237995.
405
Calculate the greatest common factor of 39117 and 615264.
663
Calculate the greatest common factor of 22049901 and 510.
51
What is the greatest common divisor of 4563 and 349524279?
1521
What is the greatest common factor of 1392498765 and 210?
105
What is the highest common factor of 17134964 and 56?
28
What is the highest common divisor of 515782 and 6379214?
926
Calculate the highest common divisor of 5520 and 30137820.
1380
What is the highest common divisor of 1377 and 408221?
17
What is the highest common factor of 9719665 and 31365?
3485
Calculate the greatest common divisor of 651 and 31307241.
651
Calculate the highest common divisor of 1696486 and 2950.
118
What is the highest common divisor of 392 and 70063?
7
Calculate the highest common divisor of 13545845 and 55.
5
Calculate the greatest common factor of 2568 and 434194872.
2568
Calculate the greatest common factor of 115 and 875836895.
115
Calculate the highest common factor of 602405 and 5393095.
2855
What is the greatest common divisor of 1395 and 89307?
9
What is the greatest common factor of 353 and 97?
1
What is the greatest common factor of 1511720 and 245?
35
Calculate the greatest common divisor of 5734 and 18117.
61
What is the greatest common factor of 1265019 and 48321?
1239
What is the greatest common divisor of 44000 and 16361840?
880
What is the greatest common factor of 2261316 and 84?
12
Calculate the highest common factor of 1044 and 13955148.
1044
Calculate the highest common factor of 8 and 608296304.
8
Calculate the highest common divisor of 12768 and 120.
24
Calculate the highest common factor of 10357 and 2380111099.
10357
Calculate the highest common factor of 576104 and 598021.
3131
Calculate the highest common factor of 1334538 and 1767002.
302
Calculate the greatest common divisor of 14970979 and 118749.
1721
What is the highest common factor of 19166774 and 2?
2
Calculate the greatest common factor of 4074551 and 2236.
559
Calculate the greatest common divisor of 7 and 11290223.
7
What is the greatest common factor of 480 and 42330?
30
Calculate the greatest common divisor of 57306546 and 19.
19
What is the greatest common factor of 17095995 and 396?
9
Calculate the greatest common divisor of 133 and 24777311.
19
Calculate the greatest common factor of 2 and 43634752.
2
Calculate the greatest common divisor of 2795 and 15289209.
559
What is the greatest common divisor of 36777 and 140244?
39
What is the greatest common divisor of 110 and 15202935?
55
What is the highest common factor of 58995069 and 1911?
147
Calculate the greatest common divisor of 301652586 and 6.
6
Calculate the greatest common divisor of 2569050 and 5875650.
4950
Calculate the highest common factor of 10318 and 1783306.
14
What is the greatest common divisor of 9776 and 103376?
208
What is the highest common factor of 9596720 and 336?
112
What is the greatest common divisor of 8342 and 31906?
86
What is the highest common divisor of 86595197 and 69381?
7709
Calculate the highest common divisor of 742 and 308203.
7
Calculate the highest common divisor of 242077 and 93250.
373
What is the highest common factor of 114456 and 38011440?
6024
What is the greatest common factor of 153 and 14447871?
9
What is the greatest common factor of 36840 and 38654984?
2456
What is the highest common divisor of 3840 and 46043520?
1920
What is the greatest common divisor of 180 and 3727260?
180
What is the highest common divisor of 1027 and 550394?
13
Calculate the greatest common divisor of 191807 and 30772357.
3619
What is the highest common factor of 528 and 513645528?
264
Calculate the highest common factor of 2689218 and 3087.
441
What is the greatest common factor of 90 and 741354?
6
Calculate the greatest common divisor of 7571792 and 38372.
212
What is the highest common factor of 330374 and 8?
2
What is the greatest common divisor of 41869 and 1155191?
281
Calculate the highest common divisor of 82217670 and 614.
614
What is the highest common factor of 4850 and 12275?
25
What is the highest common factor of 30006 and 176256?
18
Calculate the highest common divisor of 4178394 and 4356.
198
Calculate the highest common factor of 65313 and 69372.
369
What is the greatest common divisor of 7 and 8693195?
7
What is the greatest common divisor of 116224681 and 23?
23
What is the highest common divisor of 16 and 705876016?
16
Calculate the greatest common divisor of 12285 and 48685.
455
What is the greatest common factor of 14734735 and 1222?
47
Calculate the highest common factor of 25758 and 354294.
486
What is the highest common divisor of 537 and 140742151?
179
Calculate the greatest common divisor of 8409081 and 697912.
3793
What is the highest common divisor of 156385728 and 970?
194
Calculate the greatest common factor of 1067576 and 432.
8
What is the greatest common factor of 2002443 and 1534653?
1509
Calculate the highest common divisor of 3426 and 71508614.
1142
What is the highest common factor of 65907 and 9734708?
2441
What is the highest common divisor of 1576521 and 21761?
47
Calculate the highest common divisor of 2007 and 3052201.
223
Calculate the greatest common factor of 6915918 and 78.
6
Calculate the highest common factor of 132 and 5931200.
44
What is the greatest common factor of 153 and 56864439?
153
Calculate the highest common factor of 14253048 and 207.
9
What is the highest common divisor of 667 and 2534745?
29
Calculate the highest common divisor of 135216 and 1755.
27
Calculate the highest common factor of 3 and 23523318.
3
What is the highest common divisor of 6624105 and 245?
5
Calculate the highest common divisor of 209 and 6632153.
11
What is the greatest common factor of 578 and 2812922?
34
Calculate the greatest common factor of 632 and 8209996.
316
What is the highest common factor of 1522463375 and 9505?
9505
What is the greatest common factor of 49176649 and 43?
43
Calculate the highest common factor of 66175423 and 9272.
1159
Calculate the highest common factor of 14305727 and 19.
19
Calculate the highest common factor of 896 and 15693314.
14
Calculate the highest common factor of 56575 and 206517.
73
What is the highest common divisor of 3983 and 3438467?
569
What is the highest common factor of 744013066 and 202?
202
Calculate the highest common factor of 260825 and 2450.
25
Calculate the highest common factor of 21 and 56939733.
3
Calculate the highest common divisor of 14067770 and 11966.
386
What is the greatest common divisor of 2709504 and 1476?
36
What is the greatest common divisor of 160985 and 113355?
55
Calculate the greatest common divisor of 170093 and 1427014.
2209
Calculate the highest common factor of 301 and 9193099.
43
Calculate the highest common factor of 3010 and 14429080.
430
Calculate the greatest common factor of 140 and 21736505.
35
What is the highest common factor of 20199512 and 16?
8
Calculate the highest common divisor of 21 and 10807356.
21
What is the greatest common divisor of 454751927 and 20181?
6727
What is th